 1317716?
2, 23, 14323
List the prime factors of 11997422.
2, 67, 89533
List the prime factors of 13631485.
5, 7, 67, 5813
List the prime factors of 12812016.
2, 3, 7, 17, 2243
What are the prime factors of 3249434?
2, 1624717
List the prime factors of 3213432.
2, 3, 19, 29
What are the prime factors of 3180?
2, 3, 5, 53
List the prime factors of 36179.
11, 13, 23
What are the prime factors of 47928?
2, 3, 1997
List the prime factors of 20814418.
2, 10407209
List the prime factors of 220958.
2, 110479
List the prime factors of 7677174.
2, 3, 601, 2129
List the prime factors of 271124.
2, 7, 23, 421
What are the prime factors of 1907576?
2, 11, 53, 409
List the prime factors of 4206416.
2, 262901
What are the prime factors of 1134793?
11, 71, 1453
List the prime factors of 229484.
2, 103, 557
List the prime factors of 883007.
179, 4933
What are the prime factors of 926227?
926227
What are the prime factors of 188118?
2, 3, 7, 1493
List the prime factors of 867813.
3, 23, 12577
List the prime factors of 186124.
2, 19, 31, 79
List the prime factors of 1838559.
3, 612853
List the prime factors of 111741.
3, 7, 17, 313
List the prime factors of 57713.
57713
List the prime factors of 777464.
2, 157, 619
What are the prime factors of 2823676?
2, 705919
List the prime factors of 1670432.
2, 52201
List the prime factors of 2174795.
5, 7, 62137
List the prime factors of 1928891.
557, 3463
What are the prime factors of 1725081?
3, 575027
What are the prime factors of 1716990?
2, 3, 5, 11, 43
What are the prime factors of 22549851?
3, 2505539
What are the prime factors of 210265?
5, 11, 3823
List the prime factors of 2938196.
2, 734549
List the prime factors of 37539.
3, 43, 97
List the prime factors of 1395251.
11, 13, 887
List the prime factors of 11007341.
1373, 8017
What are the prime factors of 3136302?
2, 3, 13, 1031
List the prime factors of 2512632.
2, 3, 104693
List the prime factors of 4788085.
5, 197, 4861
List the prime factors of 126244.
2, 37, 853
List the prime factors of 88121.
11, 8011
List the prime factors of 182531.
167, 1093
List the prime factors of 2564754.
2, 3, 31, 13789
What are the prime factors of 6596255?
5, 17, 71, 1093
What are the prime factors of 23618653?
19, 43, 28909
What are the prime factors of 233843?
379, 617
What are the prime factors of 2037896?
2, 7, 151, 241
What are the prime factors of 4845688?
2, 307, 1973
What are the prime factors of 2397186?
2, 3, 11, 12107
List the prime factors of 104699.
7, 14957
What are the prime factors of 6542437?
11, 71, 8377
What are the prime factors of 3395689?
11, 197, 1567
List the prime factors of 1710870.
2, 3, 5, 7, 8147
List the prime factors of 393996.
2, 3, 32833
List the prime factors of 14089498.
2, 17, 414397
List the prime factors of 10929844.
2, 17, 67, 2399
List the prime factors of 10791475.
5, 431659
What are the prime factors of 82506?
2, 3, 13751
What are the prime factors of 2038925?
5, 7, 61, 191
List the prime factors of 701285.
5, 13, 10789
List the prime factors of 5284222.
2, 2642111
What are the prime factors of 238526?
2, 19, 6277
What are the prime factors of 1943033?
53, 61, 601
What are the prime factors of 1934353?
827, 2339
What are the prime factors of 15862403?
15862403
List the prime factors of 16211427.
3, 19, 14969
What are the prime factors of 1235339?
7, 17, 1483
What are the prime factors of 131451?
3, 43, 1019
List the prime factors of 7145889.
3, 2381963
What are the prime factors of 85423?
13, 6571
What are the prime factors of 526273?
11, 47843
List the prime factors of 2295405.
3, 5, 7, 347
List the prime factors of 2184883.
71, 30773
List the prime factors of 328989.
3, 109663
List the prime factors of 330769.
17, 19457
What are the prime factors of 15998174?
2, 7999087
What are the prime factors of 601132?
2, 7, 3067
List the prime factors of 1377.
3, 17
What are the prime factors of 1260911?
1260911
What are the prime factors of 3382380?
2, 3, 5, 19, 23, 43
What are the prime factors of 393700?
2, 5, 31, 127
List the prime factors of 18516620.
2, 5, 925831
List the prime factors of 363282.
2, 3, 191, 317
What are the prime factors of 23532941?
1051, 22391
What are the prime factors of 537871?
19, 28309
List the prime factors of 1290602.
2, 43, 349
List the prime factors of 315937.
315937
What are the prime factors of 6785478?
2, 3, 7, 29, 619
List the prime factors of 71493.
3, 23831
List the prime factors of 3355255.
5, 577, 1163
List the prime factors of 972817.
113, 8609
What are the prime factors of 8817133?
13, 53, 67, 191
List the prime factors of 22313398.
2, 251, 44449
List the prime factors of 298481.
59, 5059
List the prime factors of 569906.
2, 79, 3607
What are the prime factors of 11200034?
2, 23, 243479
List the prime factors of 2589853.
7, 369979
What are the prime factors of 165048?
2, 3, 13, 23
What are the prime factors of 6404329?
61, 67, 1567
List the prime factors of 266241.
3, 88747
List the prime factors of 566520.
2, 3, 5, 4721
List the prime factors of 610889.
257, 2377
List the prime factors of 122355.
3, 5, 2719
List the prime factors of 2781844.
2, 13, 61, 877
List the prime factors of 2485076.
2, 11, 56479
What are the prime factors of 11515762?
2, 1607, 3583
What are the prime factors of 1058334?
2, 3, 176389
List the prime factors of 541878.
2, 3, 90313
List the prime factors of 2452876.
2, 613219
List the prime factors of 1340761.
1340761
What are the prime factors of 311587?
53, 5879
What are the prime factors of 320941?
320941
List the prime factors of 2241539.
2241539
What are the prime factors of 654876?
2, 3, 18191
What are the prime factors of 49021?
7, 47, 149
List the prime factors of 4654164.
2, 3, 19, 137, 149
What are the prime factors of 6420819?
3, 2140273
What are the prime factors of 863460?
2, 3, 5, 13, 41
What are the prime factors of 704647?
704647
What are the prime factors of 5193270?
2, 3, 5, 19, 3037
List the prime factors of 1384308.
2, 3, 38453
What are the prime factors of 13314008?
2, 1664251
What are the prime factors of 702682?
2, 351341
What are the prime factors of 3231316?
2, 11, 23, 31, 103
What are the prime factors of 501036?
2, 3, 43, 971
What are the prime factors of 1695353?
11, 23, 6701
What are the prime factors of 621982?
2, 307, 1013
List the prime factors of 2632101.
3, 877367
List the prime factors of 300969.
3, 71, 157
List the prime factors of 1381833.
3, 61, 839
What are the prime factors of 626693?
626693
List the prime factors of 1966866.
2, 3, 11, 17, 1753
What are the prime factors of 18507153?
3, 7, 125899
List the prime factors of 6406107.
3, 2135369
What are the prime factors of 1033180?
2, 5, 51659
List the prime factors of 10725792.
2, 3, 7, 11, 1451
What are the prime factors of 509509?
7, 11, 13, 509
What are the prime factors of 2811094?
2, 11, 13, 9829
List the prime factors of 768373.
768373
List the prime factors of 10028.
2, 23, 109
List the prime factors of 9981067.
107, 93281
What are the prime factors of 171559?
171559
What are the prime factors of 1298208?
2, 3, 13523
What are the prime factors of 1609845?
3, 5, 107323
List the prime factors of 509008.
2, 29, 1097
List the prime factors of 115927.
7, 16561
List the prime factors of 7814102.
2, 3907051
What are the prime factors of 149453?
103, 1451
What are the prime factors of 2651861?
109, 24329
List the prime factors of 4552697.
4552697
List the prime factors of 269278.
2, 134639
What are the prime factors of 13128244?
2, 43, 127, 601
List the prime factors of 326379.
3, 108793
What are the prime factors of 552497?
11, 50227
What are the prime factors of 751597?
7, 11, 43, 227
What are the prime factors of 2567744?
2, 53, 757
List the prime factors of 36054.
2, 3, 2003
List the prime factors of 262426.
2, 131213
What are the prime factors of 127117?
317, 401
List the prime factors of 12618320.
2, 5, 11, 13, 1103
List the prime factors of 2586986.
2, 1293493
List the prime factors of 120553.
29, 4157
What are the prime factors of 1920027?
3, 640009
What are the prime factors of 70615?
5, 29, 487
What are the prime factors of 930566?
2, 7, 13, 5113
What are the prime factors of 9268533?
3, 283, 1213
List the prime factors of 39470515.
5, 7, 17, 66337
What are the prime factors of 